*o + 224. Give m(15).
44
Let s(z) = 1041*z**2 - 13532*z + 15. Give s(13).
28
Let y(g) = -g**2 + 24*g + 201. Determine y(27).
120
Let g(t) = t**2 + 67*t + 1134. What is g(-29)?
32
Let m(n) = 3*n**2 + 79*n - 515. Calculate m(-32).
29
Let w(y) = 2*y**3 + 24*y**2 + 2*y - 13. What is w(-11)?
207
Let x(n) = -18*n - 185. Determine x(-10).
-5
Let a(p) = -14*p + 1286. Calculate a(91).
12
Let f(d) = -d**3 - 34*d**2 - 63*d + 25. Calculate f(-32).
-7
Let i(g) = 67*g + 1414. Give i(-26).
-328
Let d(q) = -q**2 - 78*q + 3101. Determine d(29).
-2
Let t(k) = 12*k**3 - 60*k**2 + 3*k - 8. Give t(5).
7
Let v(d) = -2326*d + 18587. Determine v(8).
-21
Let u(n) = -7*n**2 - 9*n + 64. Determine u(6).
-242
Let z(t) = t**3 + 159*t**2 + 157*t + 1. Give z(-158).
159
Let s(x) = x**2 - 27*x - 161. What is s(33)?
37
Let a(m) = m**3 + 82*m**2 + 314*m + 163. Determine a(-78).
7
Let y(q) = -q**2 - 20*q + 76. Give y(-22).
32
Let z(i) = -i**3 - 19*i**2 + 13*i - 85. Calculate z(-20).
55
Let m(y) = y**3 - 42*y**2 + 150*y + 89. Determine m(38).
13
Let c(t) = 6*t**2 + 942*t + 3. Determine c(-157).
3
Let r(f) = -79*f - 162. Give r(-2).
-4
Let n(c) = 224*c**3 - 2*c**2 + 20*c - 19. What is n(1)?
223
Let b(n) = 2*n + 5. Determine b(14).
33
Let v(l) = -2*l**3 - 145*l**2 - 70*l + 151. What is v(-72)?
7
Let o(y) = -y**3 + 3*y + 7. Give o(4).
-45
Let n(o) = 568*o - 35. Determine n(-1).
-603
Let u(b) = 1083*b + 6532. Calculate u(-6).
34
Let v(g) = -g**3 - 56*g**2 + 169*g - 470. Calculate v(-59).
2
Let u(f) = -f**3 + 24*f**2 - 13*f + 234. Calculate u(24).
-78
Let u(a) = a**2 - 251*a + 3969. Determine u(17).
-9
Let o(g) = -3*g**2 + 354*g - 2412. Give o(7).
-81
Let u(d) = d**2 + 15*d + 62. What is u(-5)?
12
Let h(r) = -r**2 + 30*r - 186. Give h(8).
-10
Let l(u) = u**3 - 14*u**2 + 2*u + 15. Give l(15).
270
Let t(z) = -z**2 - 93*z - 444. Calculate t(-88).
-4
Let p(i) = 91*i - 263. What is p(4)?
101
Let q(d) = 130*d + 4416. Calculate q(-34).
-4
Let y(h) = -3*h**3 - 7*h**2 - 14*h - 46. Calculate y(-3).
14
Let o(k) = 207*k - 1259. Calculate o(6).
-17
Let o(i) = i**3 - 35*i**2 + 13*i - 66. Give o(35).
389
Let f(o) = -2*o**3 - 5*o**2 + 24*o - 25. Calculate f(2).
-13
Let w(k) = 166*k**3 - 8*k**2 - 18*k - 11. Determine w(-1).
-167
Let c(g) = -24023*g - 216213. What is c(-9)?
-6
Let r(j) = j**2 - 86. Determine r(-9).
-5
Let l(x) = 14*x**2 + 28*x + 1. Determine l(-2).
1
Let n(j) = 2894*j - 83918. Give n(29).
8
Let r(j) = -161*j - 479. Give r(-3).
4
Let q(v) = 83*v - 123. Determine q(1).
-40
Let v(k) = -4*k + 106. Calculate v(21).
22
Let u(z) = -2*z**2 + 45*z + 421. Calculate u(30).
-29
Let h(s) = -5*s**2 + s + 14. Give h(2).
-4
Let f(d) = 3*d - 78. Give f(-6).
-96
Let p(i) = -i**3 - 16*i**2 - 33*i - 68. Calculate p(-14).
2
Let i(u) = -63*u**2 - 1259*u - 16. Give i(-20).
-36
Let r(w) = 1215*w - 9725. What is r(8)?
-5
Let l(n) = 5*n**2 - 55*n + 57. Determine l(6).
-93
Let y(p) = -p**2 + 454*p + 2295. What is y(-5)?
0
Let k(g) = -10*g + 190. Give k(18).
10
Let u(t) = -43*t - 525. Determine u(-12).
-9
Let x(d) = -189*d - 629. What is x(-4)?
127
Let l(z) = 4*z**3 + 144*z**2 + 34. Determine l(-36).
34
Let c(f) = 9*f**3 - f**2 + 9*f + 12. Determine c(-2).
-82
Let h(s) = 36*s**3 - 1330*s**2 - 78*s + 146. What is h(37)?
-2
Let a(f) = -91*f + 925. Give a(11).
-76
Let o(n) = -7*n**2 + 42*n + 21. Give o(6).
21
Let o(n) = -4*n**3 + 5*n**2 - 4*n - 1. Calculate o(4).
-193
Let p(o) = o**3 - 76*o**2 + 1246*o - 14. Calculate p(52).
-118
Let t(j) = -j**2 + 17*j + 41. Give t(19).
3
Let f(p) = p**2 + 46*p - 794. Calculate f(-56).
-234
Let v(z) = -8*z**2 - 289*z - 29. What is v(-36)?
7
Let t(s) = s**3 - 44*s**2 - 301*s + 44. Calculate t(50).
-6
Let z(s) = 2*s**2 - 19*s - 32. Determine z(-4).
76
Let o(j) = -23*j - 2327. Determine o(-89).
-280
Let p(q) = 6*q**2 + 199*q + 64. Give p(-33).
31
Let f(j) = 168*j - 10751. Give f(64).
1
Let q(k) = -2*k**2 - 6*k + 6. Determine q(-3).
6
Let p(w) = -w**3 - 10*w**2 - 6*w - 17. What is p(-8)?
-97
Let l(f) = -f**3 - 8*f**2 - 63*f - 368. Give l(-7).
24
Let r(c) = 266*c + 34843. Give r(-131).
-3
Let b(t) = -t - 128. Give b(24).
-152
Let j(u) = -10191*u + 40778. What is j(4)?
14
Let w(q) = 11*q**2 - 5*q + 15. Give w(5).
265
Let m(q) = -2*q**2 - 17*q - 28. Determine m(-5).
7
Let x(t) = 2*t**2 + 29*t + 385. What is x(-11)?
308
Let q(w) = -2*w**2 - 47*w + 1000. Calculate q(-37).
1
Let l(u) = u**2 - 19*u - 571. Calculate l(35).
-11
Let o(h) = 131*h**2 + 6814*h + 101. Calculate o(-52).
-3
Let w(j) = -947*j - 967. Calculate w(-1).
-20
Let p(k) = k**2 + 83*k + 95. Give p(-80).
-145
Let w(m) = -50*m + 368. What is w(6)?
68
Let o(g) = g**3 - 23*g**2 + 33*g - 259. Give o(23).
500
Let m(n) = -n**2 - 43*n + 6475. Determine m(62).
-35
Let m(j) = -j**3 - 58*j**2 + 114*j - 340. Calculate m(-60).
20
Let k(h) = -3*h**2 + 25*h + 139. Determine k(-4).
-9
Let q(b) = b**3 - 13*b**2 - 21*b + 46. Determine q(15).
181
Let r(z) = -4*z + 11. Give r(0).
11
Let f(x) = 2*x**2 + 482*x + 28285. Determine f(-101).
5
Let r(k) = 2*k**2 - 24*k + 418. Calculate r(22).
858
Let g(a) = 15*a**2 - 62*a - 99. Determine g(-2).
85
Let l(w) = -417*w - 2094. What is l(-5)?
-9
Let k(x) = 197*x + 1320. Determine k(-7).
-59
Let r(v) = 2*v**3 - 2*v**2 - 112*v + 347. What is r(3)?
47
Let t(m) = m**3 + 13*m**2 + 26*m + 69. Give t(-11).
25
Let m(b) = -6*b**2 - 36*b - 142. Calculate m(-6).
-142
Let r(z) = -11*z - 38. Give r(-6).
28
Let j(o) = -o**2 - 238*o - 1409. Calculate j(-6).
-17
Let m(h) = 2*h**2 + 46*h + 92. Determine m(-24).
140
Let w(f) = -11*f + 9. Give w(-1).
20
Let s(l) = -12*l - 1096. Give s(-85).
-76
Let z(j) = -9*j**3 - 3*j**2 + 3*j + 27. Determine z(4).
-585
Let i(g) = g**3 - 20*g**2 - 59*g - 43. What is i(22)?
-373
Let q(h) = -4*h + 156. Calculate q(38).
4
Let i(a) = a**2 + 116*a - 5292. Give i(-151).
-7
Let f(p) = -p**3 + 3*p**2 + 86*p - 262. Determine f(3).
-4
Let r(s) = s**3 - 9*s**2 - 4*s - 23. Give r(10).
37
Let d(r) = 26*r**2 - 26*r + 26. Calculate d(1).
26
Let v(s) = -1124*s + 12364. What is v(11)?
0
Let u(k) = -32803*k - 65610. Calculate u(-2).
-4
Let r(v) = 412*v - 4520. What is r(11)?
12
Let i(k) = -103*k + 712. Calculate i(7).
-9
Let h(s) = -s**3 + 8*s**2 - 11*s + 6. Calculate h(7).
-22
Let s(g) = -g**3 + 41*g**2 + 1561*g + 39. Calculate s(-24).
15
Let k(m) = 839*m - 6717. Give k(8).
-5
Let u(f) = f**3 + 6*f**2 - 13*f + 84. What is u(-8)?
60
Let j(l) = 86*l + 38. Calculate j(-1).
-48
Let o(r) = -r**3 - 17*r**2 - 225*r - 3829. What is o(-17)?
-4
Let q(j) = -j**3 - j**2 + 83*j + 2. Calculate q(-10).
72
Let c(x) = -6*x**3 + 3*x**2 - x + 7. Calculate c(3).
-131
Let a(k) = -k**3 - 19*k**2 - 64*k + 180. Calculate a(-13).
-2
Let u(c) = c**3 + 4*c**2 - 14*c - 12. Give u(3).
9
Let w(b) = b**3 - 2*b**2 + 27*b - 25. Determine w(1).
1
Let i(u) = 296*u - 324. Determine i(-2).
-916
Let z(v) = -v**3 - 43*v**2 + 150*v + 2698. Calculate z(-45).
-2
Let o(d) = -4*d**2 + 50*d - 263. Give o(6).
-107
Let t(u) = 134*u**3 + u**2 - 3*u - 3. Give t(-1).
-133
Let r(d) = -134*d**3 + 3*d**2 + 3*d - 6. Give r(1).
-134
Let b(x) = -398*x - 25873. What is b(-65)?
-3
Let n(t) = -28*t - 226. Determine n(-6).
-58
Let u(b) = b**2 - 56*b - 4523. Determine u(-45).
22
Let l(d) = 5*d - 72. Give l(12).
-12
Let y(x) = -47*x**3 + x**2 + 6*x - 15. Give y(2).
-375
Let z(r) = 2*r**2 - 48*r - 43. Give z(25).
7
Let n(z) = 10*z**2 + z - 51. Give n(4).
113
Let x(s) = -s**3 - 184*s**2 + 2988*s + 602. Give x(-199).
5
Let t(i) = -i**2 + 7*i + 4. Give t(-3).
-26
Let x(c) = -2*c**2 + 39*c - 67. Calculate x(15).
68
Let j(k) = -2*k**2 - 10*k + 10. Determine j(-6).
-2
Let c(w) = -3265*w + 39210. Give c(12).
30
Let d(r) = 611*r + 4257. Calculate d(-7).
-20
Let g(o) = 30*o - 681. Calculate g(23).
9
Let s(b) = -b**2 - 1646*b - 45300. Determine s(-28).
4
Let q(h) = 41*h**2 + 7150*h + 2773. Give q(-174).
-11
Let n(c) = 138*c - 10845. What is n(79)?
57
Let t(m) = -7*m**2 + 38*m + 80. What is t(-2)?
-24
Let h(z) = 442*z + 4867. Calculate h(-11).
5
Let g(a) = -a**2 + 12*a - 26. Give g(11).
-15
Let r(y) = -41*y - 2062. What is r(-50)?
-12
Let i(u) = 3*u**3 - 3*u**2 - 5*u - 5. Determine i(5).
270
Let v(l) = -16*l - 247. Determine v(6).
-343
Let r(x) = -5*x**2 - 141*x - 914. Determine r(-18).
4
Let j(o) = -o**3 - 43*o**2 + 100*o + 451. Give j(-45).
1
Let q(x) = -x**3 - 7*x**2 - 68*x +